{"id":55,"date":"2015-10-23T06:50:22","date_gmt":"2015-10-23T04:50:22","guid":{"rendered":"http:\/\/eintrachtzinnowitz.de\/?page_id=55"},"modified":"2024-09-17T21:35:26","modified_gmt":"2024-09-17T19:35:26","slug":"karate","status":"publish","type":"page","link":"http:\/\/eintrachtzinnowitz.de\/?page_id=55","title":{"rendered":"Karate"},"content":{"rendered":"\n<div class=\"wp-block-media-text has-media-on-the-right is-stacked-on-mobile is-vertically-aligned-top\"><div class=\"wp-block-media-text__content\">\n<p><strong>Karate Zinnowitz \u677e\u6fe4\u9928\u7a7a\u624b<\/strong><br><br><strong>\u00dcber uns<br><\/strong>Karate begann bei uns 1989 und wurde 1990 als neue Abteilung im SV Eintracht Zinnowitz aufgenommen. <br>Wir z\u00e4hlen derzeit ca. 20 Mitglieder, die Graduierung reicht vom 9.KYU bis zum 2.DAN. <br><br>Mit unserer Stilrichtung Shotokan begannen wir im Deutschen Karate Verband (DKV), wechselten dann zwischenzeitlich in kleinere Karate Verb\u00e4nde und sind heute wieder aktives Mitglied im DKV. Hier arbeiten wir eng mit regionalen Vereinen zusammen, gestalten gemeinsame Trainingseinheiten und pflegen ein freundschaftliches Verh\u00e4ltnis.<br><br>Der Deutsche Karate Verband e.V. ist der offizielle und gr\u00f6\u00dfte Fachverband f\u00fcr Karate in Deutschland. Er wird als einziger Fachverband vom Bundesministerium des Inneren gef\u00f6rdert und ist als Mitglied des Deutschen Olympischen Sportbundes (DOSB) vom IOC anerkannt.<br>16 Landesverb\u00e4nde mit \u00fcber 2.400 Vereinen, Clubs und Schulen mit insgesamt 150.000 Mitgliedern werden vom DKV offiziell repr\u00e4sentiert.<br><em>Quelle: https:\/\/de.wikipedia.org\/wiki\/Deutscher_Karate_Verband (12.2020)<\/em><\/p>\n<\/div><figure class=\"wp-block-media-text__media\"><img loading=\"lazy\" decoding=\"async\" width=\"300\" height=\"300\" src=\"http:\/\/eintrachtzinnowitz.de\/wp-content\/uploads\/2017\/02\/Karate_Logo_Neu_Klein.png\" alt=\"\" class=\"wp-image-431 size-full\" srcset=\"http:\/\/eintrachtzinnowitz.de\/wp-content\/uploads\/2017\/02\/Karate_Logo_Neu_Klein.png 300w, http:\/\/eintrachtzinnowitz.de\/wp-content\/uploads\/2017\/02\/Karate_Logo_Neu_Klein-150x150.png 150w\" sizes=\"auto, (max-width: 300px) 100vw, 300px\" \/><\/figure><\/div>\n\n\n\n<p><\/p>\n\n\n\n<p><strong>Trainingszeiten und -ort<\/strong><br>Jugendliche (ab 12 Jahren) und Erwachsene:<br>&#8211; Montag\u00a0 18:00 Uhr &#8211; 19:30 Uhr<br>&#8211; Freitag \u00a0 18:00 Uhr &#8211; 19:30 Uhr<br><br>In den Sporthallen der Sportschule Zinnowitz<br>Dr. Wachsmann-Str. 30<br>17454 Zinnowitz<br><\/p>\n\n\n\n<p><strong>Downloads<\/strong><br>&#8211; <a href=\"http:\/\/eintrachtzinnowitz.de\/wp-content\/uploads\/2024\/09\/PO-Shotokan-9.-Kyu-bis-8.-Dan-ab-01.01.2023.pdf\" data-type=\"attachment\" data-id=\"803\">Pr\u00fcfungsprogramm DKV Shotokan<\/a><br>&#8211; <a href=\"http:\/\/eintrachtzinnowitz.de\/wp-content\/uploads\/2024\/09\/Pruefungsordnung-Stiloffen.pdf\" data-type=\"attachment\" data-id=\"802\">Pr\u00fcfungsprogramm DKV Stiloffenes Karate<\/a><\/p>\n\n\n\n<p><strong>Karate?\u00a0Dann komm einfach zu uns!<\/strong><\/p>\n\n\n\n<p><\/p>\n","protected":false},"excerpt":{"rendered":"<p>Karate Zinnowitz \u677e\u6fe4\u9928\u7a7a\u624b \u00dcber unsKarate begann bei uns 1989 und wurde 1990 als neue Abteilung im SV Eintracht Zinnowitz aufgenommen. Wir z\u00e4hlen derzeit ca. 20 Mitglieder, die Graduierung reicht vom <a href=\"http:\/\/eintrachtzinnowitz.de\/?page_id=55\" class=\"more-link\">[&hellip;]<\/a><\/p>\n","protected":false},"author":5,"featured_media":0,"parent":4,"menu_order":0,"comment_status":"closed","ping_status":"closed","template":"","meta":{"Layout":"1c","footnotes":""},"class_list":["entry","author-karate","post-55","page","type-page","status-publish"],"_links":{"self":[{"href":"http:\/\/eintrachtzinnowitz.de\/index.php?rest_route=\/wp\/v2\/pages\/55","targetHints":{"allow":["GET"]}}],"collection":[{"href":"http:\/\/eintrachtzinnowitz.de\/index.php?rest_route=\/wp\/v2\/pages"}],"about":[{"href":"http:\/\/eintrachtzinnowitz.de\/index.php?rest_route=\/wp\/v2\/types\/page"}],"author":[{"embeddable":true,"href":"http:\/\/eintrachtzinnowitz.de\/index.php?rest_route=\/wp\/v2\/users\/5"}],"replies":[{"embeddable":true,"href":"http:\/\/eintrachtzinnowitz.de\/index.php?rest_route=%2Fwp%2Fv2%2Fcomments&post=55"}],"version-history":[{"count":10,"href":"http:\/\/eintrachtzinnowitz.de\/index.php?rest_route=\/wp\/v2\/pages\/55\/revisions"}],"predecessor-version":[{"id":815,"href":"http:\/\/eintrachtzinnowitz.de\/index.php?rest_route=\/wp\/v2\/pages\/55\/revisions\/815"}],"up":[{"embeddable":true,"href":"http:\/\/eintrachtzinnowitz.de\/index.php?rest_route=\/wp\/v2\/pages\/4"}],"wp:attachment":[{"href":"http:\/\/eintrachtzinnowitz.de\/index.php?rest_route=%2Fwp%2Fv2%2Fmedia&parent=55"}],"curies":[{"name":"wp","href":"https:\/\/api.w.org\/{rel}","templated":true}]}}